{"id":618,"date":"2022-10-24T01:37:41","date_gmt":"2022-10-24T01:37:41","guid":{"rendered":"https:\/\/garinmartinez.com\/?post_type=product&#038;p=618"},"modified":"2022-10-24T01:37:41","modified_gmt":"2022-10-24T01:37:41","slug":"varilla","status":"publish","type":"product","link":"https:\/\/garinmartinez.com\/index.php\/producto\/varilla\/","title":{"rendered":"Varilla"},"content":{"rendered":"<p>La varilla corrugada se utiliza para reforzar losas aligeradas y s\u00f3lidas, viguetas, castillos, castillos ahogados, refuerzo horizontal en muros, postes y tuber\u00eda de concreto. En general, para aquellos casos en donde se requieran varillas de peque\u00f1o di\u00e1metro. Contamos con una amplia variedad de medidas.<\/p>\n","protected":false},"excerpt":{"rendered":"<p>La varilla corrugada se utiliza para reforzar losas aligeradas y s\u00f3lidas.<\/p>\n","protected":false},"featured_media":626,"template":"","meta":{"om_disable_all_campaigns":false,"_monsterinsights_skip_tracking":false,"_monsterinsights_sitenote_active":false,"_monsterinsights_sitenote_note":"","_monsterinsights_sitenote_category":0},"product_cat":[26],"product_tag":[93,94],"class_list":["post-618","product","type-product","status-publish","has-post-thumbnail","hentry","product_cat-aceros","product_tag-aceros","product_tag-varilla"],"aioseo_notices":[],"_links":{"self":[{"href":"https:\/\/garinmartinez.com\/index.php\/wp-json\/wp\/v2\/product\/618","targetHints":{"allow":["GET"]}}],"collection":[{"href":"https:\/\/garinmartinez.com\/index.php\/wp-json\/wp\/v2\/product"}],"about":[{"href":"https:\/\/garinmartinez.com\/index.php\/wp-json\/wp\/v2\/types\/product"}],"wp:featuredmedia":[{"embeddable":true,"href":"https:\/\/garinmartinez.com\/index.php\/wp-json\/wp\/v2\/media\/626"}],"wp:attachment":[{"href":"https:\/\/garinmartinez.com\/index.php\/wp-json\/wp\/v2\/media?parent=618"}],"wp:term":[{"taxonomy":"product_cat","embeddable":true,"href":"https:\/\/garinmartinez.com\/index.php\/wp-json\/wp\/v2\/product_cat?post=618"},{"taxonomy":"product_tag","embeddable":true,"href":"https:\/\/garinmartinez.com\/index.php\/wp-json\/wp\/v2\/product_tag?post=618"}],"curies":[{"name":"wp","href":"https:\/\/api.w.org\/{rel}","templated":true}]}}