{"id":371,"date":"2020-07-16T09:04:44","date_gmt":"2020-07-16T09:04:44","guid":{"rendered":"https:\/\/restoration.fuelthemes.net\/?post_type=product&#038;p=139"},"modified":"2022-10-21T23:40:38","modified_gmt":"2022-10-21T23:40:38","slug":"cemento-blanco","status":"publish","type":"product","link":"https:\/\/garinmartinez.com\/index.php\/producto\/cemento-blanco\/","title":{"rendered":"Cemento Blanco"},"content":{"rendered":"<p>Es un cemento con las mismas caracter\u00edsticas que un cemento Portland y adem\u00e1s posee la caracter\u00edstica de ser blanco, por lo que lo hace ideal para obras ornamentales o arquitect\u00f3nicas. Se recomienda utilizar como adhesivo o estuco para hacer emboquillados y junta de azulejos, para tirol y fabricaci\u00f3n de pintura permitiendo pigmentarse con facilidad.<\/p>\n","protected":false},"excerpt":{"rendered":"<p>Cemento blanco, ideal para obras ornamentales o arquitect\u00f3nicas.<\/p>\n","protected":false},"featured_media":443,"template":"","meta":{"om_disable_all_campaigns":false,"_monsterinsights_skip_tracking":false,"_monsterinsights_sitenote_active":false,"_monsterinsights_sitenote_note":"","_monsterinsights_sitenote_category":0},"product_cat":[44],"product_tag":[77,74,75],"class_list":["post-371","product","type-product","status-publish","has-post-thumbnail","hentry","product_cat-envasados","product_tag-blanco","product_tag-cementos","product_tag-envasados"],"aioseo_notices":[],"_links":{"self":[{"href":"https:\/\/garinmartinez.com\/index.php\/wp-json\/wp\/v2\/product\/371","targetHints":{"allow":["GET"]}}],"collection":[{"href":"https:\/\/garinmartinez.com\/index.php\/wp-json\/wp\/v2\/product"}],"about":[{"href":"https:\/\/garinmartinez.com\/index.php\/wp-json\/wp\/v2\/types\/product"}],"wp:featuredmedia":[{"embeddable":true,"href":"https:\/\/garinmartinez.com\/index.php\/wp-json\/wp\/v2\/media\/443"}],"wp:attachment":[{"href":"https:\/\/garinmartinez.com\/index.php\/wp-json\/wp\/v2\/media?parent=371"}],"wp:term":[{"taxonomy":"product_cat","embeddable":true,"href":"https:\/\/garinmartinez.com\/index.php\/wp-json\/wp\/v2\/product_cat?post=371"},{"taxonomy":"product_tag","embeddable":true,"href":"https:\/\/garinmartinez.com\/index.php\/wp-json\/wp\/v2\/product_tag?post=371"}],"curies":[{"name":"wp","href":"https:\/\/api.w.org\/{rel}","templated":true}]}}