{"id":166,"date":"2020-07-20T08:26:41","date_gmt":"2020-07-20T08:26:41","guid":{"rendered":"https:\/\/restoration.fuelthemes.net\/?page_id=166"},"modified":"2026-02-06T23:50:52","modified_gmt":"2026-02-06T23:50:52","slug":"contacto","status":"publish","type":"page","link":"https:\/\/garinmartinez.com\/index.php\/contacto\/","title":{"rendered":"Contacto"},"content":{"rendered":"\n<div class=\"wp-block-columns has-background is-layout-flex wp-container-core-columns-is-layout-9d6595d7 wp-block-columns-is-layout-flex\" style=\"background-color:#f7f4f2\">\n<div class=\"wp-block-column gr_contacto_form is-layout-flow wp-block-column-is-layout-flow\" style=\"flex-basis:40%\">\n<h1 class=\"wp-block-heading\">Cont\u00e1ctanos<\/h1>\n\n\n\n<p>Para nosotros es importante su opini\u00f3n, por favor cont\u00e1ctenos para cualquier duda o solicitud de presupuesto.<\/p>\n\n\n\n<form method=\"post\" id=\"contact_general_form\">\n        <div class=\"row wp-container-12\">\n                <input id=\"txtNombre\" name=\"txtNombre\" type=\"text\" placeholder=\"NOMBRE\">\n        <\/div>\n        <div class=\"row wp-container-12\">\n            <input id=\"txtEmail\" name=\"txtEmail\" type=\"text\" placeholder=\"CORREO ELECTR\u00d3NICO\">\n        <\/div>\n        <div class=\"row wp-container-12\">\n            <input id=\"txtTelefono\" name=\"txtTelefono\" type=\"text\" placeholder=\"TEL\u00c9FONO\" class=\"li_telefono_valido\" maxlength=\"10\">            \n        <\/div>\n        <div class=\"row wp-container-12\">\n            <textarea id=\"mensaje\" name=\"mensaje\" rows=\"4\" cols=\"30\" placeholder=\"MENSAJE\"><\/textarea>\n        <\/div>\n        <div class=\"row wp-container-12 gr_row_btn_contact\">\n            <input type=\"button\" value=\"ENVIAR\" id=\"btn_send_contact\">\n        <\/div>\n    <\/form>\n\n\n\n<p><a style=\"text-decoration: underline;\" href=\"https:\/\/www.google.com\/maps\/place\/MATERIALES+GAR%C3%8DN+MART%C3%8DNEZ\/@19.395096,-99.1106249,15z\/data=!4m5!3m4!1s0x0:0xfe3430bddecf9ff8!8m2!3d19.395096!4d-99.1106249\" target=\"_blank\" rel=\"noopener\">Ote. 102 1535, Tlazintla, Iztacalco<br>08710 Ciudad de M\u00e9xico, CDMX<\/a><br><br><a href=\"mailto:marthaletizia49@gmail.com\" target=\"_blank\" rel=\"noopener\" title=\"\">marthaletizia49@gmail.com<\/a><\/p>\n<\/div>\n\n\n\n<div class=\"wp-block-column gr_map is-layout-flow wp-block-column-is-layout-flow\" style=\"flex-basis:60%\">\n<div id=\"map\" style=\"width:100%; height:100%;\"><\/div>\n\n<script src=\"https:\/\/maps.googleapis.com\/maps\/api\/js?key=AIzaSyBtGIqSelOXHaejeYbTQQET_tuxe8Y7al4\"><\/script>\n<script>\n  const map = new google.maps.Map(document.getElementById(\"map\"), {\n    center: { lat: 19.39491384014912, lng: -99.10938035509983 },\n    zoom: 16,\n    disableDefaultUI: true,\n\n    styles: [\n        { elementType: \"geometry\", stylers: [{ color: \"#f2f0ed\" }] },\n        { elementType: \"labels.text.fill\", stylers: [{ color: \"#6f6f6f\" }] },\n        { elementType: \"labels.text.stroke\", stylers: [{ color: \"#f2f0ed\" }] },\n\n        { featureType: \"road\", elementType: \"geometry\", stylers: [{ color: \"#d9d6d2\" }] },\n        { featureType: \"road\", elementType: \"geometry.stroke\", stylers: [{ color: \"#bfbcbc\" }] },\n\n        { featureType: \"poi\", stylers: [{ visibility: \"off\" }] },\n\n        { featureType: \"administrative\", elementType: \"geometry\", stylers: [{ color: \"#cfcfcf\" }] },\n\n        { featureType: \"water\", elementType: \"geometry\", stylers: [{ color: \"#d0cdc9\" }] },\n\n        { featureType: \"landscape\", elementType: \"geometry\", stylers: [{ color: \"#f7f5f3\" }] }\n    ],\n\n    zoomControl: true,\n    fullscreenControl: false,\n    streetViewControl: false,\n    mapTypeControl: false\n  });\n\n  new google.maps.Marker({\n    position: { lat: 19.395096, lng: -99.1106249 },\n    map: map,\n    icon: {\n        url: \"\/wp-content\/uploads\/2026\/02\/IconoGarin_ico.png\",   \/\/ tu imagen\n        scaledSize: new google.maps.Size(60, 60), \/\/ tama\u00f1o\n        anchor: new google.maps.Point(20, 40)     \/\/ punto que toca el mapa\n    }\n    \n  });\n<\/script>\n<\/div>\n<\/div>\n\n\n\n<div class=\"wp-block-columns is-layout-flex wp-container-core-columns-is-layout-9d6595d7 wp-block-columns-is-layout-flex\">\n<div class=\"wp-block-column is-layout-flow wp-block-column-is-layout-flow\" style=\"flex-basis:33.33%\"><\/div>\n\n\n\n<div class=\"wp-block-column is-layout-flow wp-block-column-is-layout-flow\" style=\"flex-basis:66.66%\"><\/div>\n<\/div>\n","protected":false},"excerpt":{"rendered":"<p>Cont\u00e1ctanos Para nosotros es importante su opini\u00f3n, por favor cont\u00e1ctenos para cualquier duda o solicitud de presupuesto. Ote. 102 1535, Tlazintla, Iztacalco08710 Ciudad de M\u00e9xico, CDMX marthaletizia49@gmail.com<\/p>\n","protected":false},"author":1,"featured_media":0,"parent":0,"menu_order":0,"comment_status":"closed","ping_status":"closed","template":"template-pagetitle.php","meta":{"om_disable_all_campaigns":false,"_monsterinsights_skip_tracking":false,"_monsterinsights_sitenote_active":false,"_monsterinsights_sitenote_note":"","_monsterinsights_sitenote_category":0,"footnotes":""},"class_list":["post-166","page","type-page","status-publish","hentry"],"aioseo_notices":[],"_links":{"self":[{"href":"https:\/\/garinmartinez.com\/index.php\/wp-json\/wp\/v2\/pages\/166","targetHints":{"allow":["GET"]}}],"collection":[{"href":"https:\/\/garinmartinez.com\/index.php\/wp-json\/wp\/v2\/pages"}],"about":[{"href":"https:\/\/garinmartinez.com\/index.php\/wp-json\/wp\/v2\/types\/page"}],"author":[{"embeddable":true,"href":"https:\/\/garinmartinez.com\/index.php\/wp-json\/wp\/v2\/users\/1"}],"replies":[{"embeddable":true,"href":"https:\/\/garinmartinez.com\/index.php\/wp-json\/wp\/v2\/comments?post=166"}],"version-history":[{"count":49,"href":"https:\/\/garinmartinez.com\/index.php\/wp-json\/wp\/v2\/pages\/166\/revisions"}],"predecessor-version":[{"id":783,"href":"https:\/\/garinmartinez.com\/index.php\/wp-json\/wp\/v2\/pages\/166\/revisions\/783"}],"wp:attachment":[{"href":"https:\/\/garinmartinez.com\/index.php\/wp-json\/wp\/v2\/media?parent=166"}],"curies":[{"name":"wp","href":"https:\/\/api.w.org\/{rel}","templated":true}]}}