{"id":165,"date":"2020-07-20T08:26:22","date_gmt":"2020-07-20T08:26:22","guid":{"rendered":"https:\/\/restoration.fuelthemes.net\/?page_id=165"},"modified":"2022-10-25T18:51:01","modified_gmt":"2022-10-25T18:51:01","slug":"about-us","status":"publish","type":"page","link":"https:\/\/garinmartinez.com\/index.php\/about-us\/","title":{"rendered":"Nuestra Empresa"},"content":{"rendered":"\n<div style=\"height:30px\" aria-hidden=\"true\" class=\"wp-block-spacer\"><\/div>\n\n\n\n<div class=\"wp-block-media-text is-stacked-on-mobile is-image-fill has-background has-background\" style=\"background-color:#f7f5ef;grid-template-columns:47% auto\"><figure class=\"wp-block-media-text__media\" style=\"background-image:url(https:\/\/garinmartinez.com\/wp-content\/uploads\/2022\/06\/construction-workers-fabricating-steel-reinforcement-bar-at-the-construction-site-1024x684.jpg);background-position:50% 50%\"><img loading=\"lazy\" decoding=\"async\" width=\"1024\" height=\"684\" src=\"https:\/\/garinmartinez.com\/wp-content\/uploads\/2022\/06\/construction-workers-fabricating-steel-reinforcement-bar-at-the-construction-site-1024x684.jpg\" alt=\"\" class=\"wp-image-484 size-full\" srcset=\"https:\/\/garinmartinez.com\/wp-content\/uploads\/2022\/06\/construction-workers-fabricating-steel-reinforcement-bar-at-the-construction-site-1024x684.jpg 1024w, https:\/\/garinmartinez.com\/wp-content\/uploads\/2022\/06\/construction-workers-fabricating-steel-reinforcement-bar-at-the-construction-site-300x200.jpg 300w, https:\/\/garinmartinez.com\/wp-content\/uploads\/2022\/06\/construction-workers-fabricating-steel-reinforcement-bar-at-the-construction-site-768x513.jpg 768w, https:\/\/garinmartinez.com\/wp-content\/uploads\/2022\/06\/construction-workers-fabricating-steel-reinforcement-bar-at-the-construction-site-20x12.jpg 20w, https:\/\/garinmartinez.com\/wp-content\/uploads\/2022\/06\/construction-workers-fabricating-steel-reinforcement-bar-at-the-construction-site-1010x674.jpg 1010w\" sizes=\"auto, (max-width: 1024px) 100vw, 1024px\" \/><\/figure><div class=\"wp-block-media-text__content\">\n<p style=\"font-size:14px\">50 a\u00f1os sirviendo para ti.<\/p>\n\n\n\n<h1 class=\"wp-block-heading\">Expertos en Materiales para la Construcci\u00f3n <\/h1>\n\n\n\n<p><\/p>\n\n\n\n<p><\/p>\n\n\n\n<p><\/p>\n\n\n\n<p><\/p>\n\n\n\n<figure class=\"wp-block-image size-full is-resized\"><img loading=\"lazy\" decoding=\"async\" src=\"https:\/\/garinmartinez.com\/wp-content\/uploads\/2022\/06\/LogoGarinIcon_EMPRESA.png\" alt=\"\" class=\"wp-image-481\" width=\"281\" height=\"108\"\/><\/figure>\n<\/div><\/div>\n\n\n\n<div style=\"height:80px\" aria-hidden=\"true\" class=\"wp-block-spacer\"><\/div>\n\n\n\n<div class=\"wp-block-columns is-layout-flex wp-container-core-columns-is-layout-9d6595d7 wp-block-columns-is-layout-flex\">\n<div class=\"wp-block-column is-layout-flow wp-block-column-is-layout-flow\" style=\"flex-basis:25%\">\n<h2 class=\"wp-block-heading\"><\/h2>\n<\/div>\n\n\n\n<div class=\"wp-block-column is-vertically-aligned-top is-layout-flow wp-block-column-is-layout-flow\" style=\"flex-basis:70%\">\n<p>Somos un grupo de empresas mexicanas con m\u00e1s de 50 a\u00f1os de experiencia en la distribuci\u00f3n y comercializaci\u00f3n de materiales para la construcci\u00f3n que brinda un servicio personalizado.<\/p>\n\n\n\n<p>Realizamos ventas de mayoreo y menudeo en el Valle de M\u00e9xico ofreciendo un amplio cat\u00e1logo de <strong><a style=\"color:#235576\" href=\"https:\/\/garinmartinez.com\/index.php\/productos\/\">productos<\/a><\/strong> de la m\u00e1s alta calidad con cortos tiempos de entrega, ya que contamos con unidades de trasporte de acuerdo a las necesidades de cada cliente.<\/p>\n\n\n\n<p>Adicionalmente contamos con <a style=\"color:#235576\" href=\"https:\/\/garinmartinez.com\/index.php\/servicios\/\"><strong>servicio<\/strong><\/a> de retiro de escombro y excavaci\u00f3n a cielo abierto y techado.<\/p>\n<\/div>\n\n\n\n<div class=\"wp-block-column is-layout-flow wp-block-column-is-layout-flow\" style=\"flex-basis:25%\"><\/div>\n<\/div>\n","protected":false},"excerpt":{"rendered":"<p>Somos un grupo de empresas mexicanas con m\u00e1s de 50 a\u00f1os de experiencia en la distribuci\u00f3n y comercializaci\u00f3n de materiales para la construcci\u00f3n que brinda un servicio personalizado. Realizamos ventas de mayoreo y menudeo en el Valle de M\u00e9xico ofreciendo un amplio cat\u00e1logo de productos de la m\u00e1s alta calidad con cortos tiempos de entrega,&hellip;<\/p>\n","protected":false},"author":1,"featured_media":0,"parent":0,"menu_order":0,"comment_status":"closed","ping_status":"closed","template":"","meta":{"om_disable_all_campaigns":false,"_monsterinsights_skip_tracking":false,"_monsterinsights_sitenote_active":false,"_monsterinsights_sitenote_note":"","_monsterinsights_sitenote_category":0,"footnotes":""},"class_list":["post-165","page","type-page","status-publish","hentry"],"aioseo_notices":[],"_links":{"self":[{"href":"https:\/\/garinmartinez.com\/index.php\/wp-json\/wp\/v2\/pages\/165","targetHints":{"allow":["GET"]}}],"collection":[{"href":"https:\/\/garinmartinez.com\/index.php\/wp-json\/wp\/v2\/pages"}],"about":[{"href":"https:\/\/garinmartinez.com\/index.php\/wp-json\/wp\/v2\/types\/page"}],"author":[{"embeddable":true,"href":"https:\/\/garinmartinez.com\/index.php\/wp-json\/wp\/v2\/users\/1"}],"replies":[{"embeddable":true,"href":"https:\/\/garinmartinez.com\/index.php\/wp-json\/wp\/v2\/comments?post=165"}],"version-history":[{"count":21,"href":"https:\/\/garinmartinez.com\/index.php\/wp-json\/wp\/v2\/pages\/165\/revisions"}],"predecessor-version":[{"id":675,"href":"https:\/\/garinmartinez.com\/index.php\/wp-json\/wp\/v2\/pages\/165\/revisions\/675"}],"wp:attachment":[{"href":"https:\/\/garinmartinez.com\/index.php\/wp-json\/wp\/v2\/media?parent=165"}],"curies":[{"name":"wp","href":"https:\/\/api.w.org\/{rel}","templated":true}]}}